 digit of z(w)?
1
Let h(j) = 5*j - 724*j**3 - 10 + 723*j**3 - 16*j**2 + 8*j. Let a(m) = m - 17. Let w be a(0). What is the units digit of h(w)?
8
Let q(u) = -481*u**2 - 4*u - 1. Let b be q(-1). Let f = 817 + b. What is the hundreds digit of f?
3
Let b(v) = -772*v - 616. What is the units digit of b(-14)?
2
Let d(w) = 8*w**2 - 129*w - 189. What is the hundreds digit of d(-35)?
1
Let c(a) = -6*a + 2 + 7*a**2 + 2 + 5. Suppose -5*b + 10 = 5*o, -69*o - b + 17 = -65*o. What is the tens digit of c(o)?
5
What is the tens digit of -3*2/(-15) - (-34762970)/950?
9
Suppose -72*v - 141723 = -2*n - 71*v, 2*n - 4*v = 141750. What is the hundreds digit of n?
8
Suppose 0 = 68*x - 67*x - 14. Suppose -a + 4 = 3*h - 4, -2*a - 5*h = -x. What is the units digit of a?
2
What is the tens digit of 1304418/26 - 21/(-273)?
7
Let a be ((-240)/420)/(2/(-119)). Suppose a*d = 41*d - 10766. What is the thousands digit of d?
1
Let f = 3011 + -1754. Let l = f - 629. What is the tens digit of l/26 - 14/91?
2
Suppose -3*a - 3*z = -21, 4*z - 8*z = -4*a - 4. Suppose -y = a*w - 15, -4*w + 4*y + 0*y + 20 = 0. Let x(t) = 8*t**2 + 4*t - 3. What is the units digit of x(w)?
7
Suppose -u - 3883 = -s, -3*u + 11657 = 3*s + 2*u. Suppose -14*j = -190 - s. What is the hundreds digit of j?
2
Let c(o) = -1582*o + 2124. What is the units digit of c(-10)?
4
Suppose -2*g - 6 = 2, 4*s + 5*g = 0. Suppose -s*n + 2640 = 5*n. Suppose 0 = -163*f + 160*f + n. What is the tens digit of f?
8
Suppose -3*f + 84 = -39. Let a = -19 + f. Let c = 56 - a. What is the units digit of c?
4
What is the tens digit of (-12)/30 - (16512/(-14))/((-20)/(-266))?
8
Let o = -11027 - -60022. What is the units digit of o?
5
Suppose 2422 = -2*w + 2*p, w + 9*p = 5*p - 1216. What is the tens digit of (-8)/(32/w) + 0?
0
Suppose 1318 = 172*g - 171*g. Let l = g + -893. What is the units digit of l?
5
Let a = 2126 + -226. Suppose a = 4*y - 5*s + 7*s, 0 = y + s - 474. What is the tens digit of y?
7
Suppose 3*w + 2*y = 160, 6*w - 166 = 3*w + 4*y. Suppose -55*j + 54*j = -w. What is the units digit of j?
4
Let m(a) be the first derivative of -2*a**3/3 + 26*a**2 - 40*a + 12. What is the tens digit of m(24)?
5
What is the thousands digit of 3*(8420/12 - 8)?
2
Let j be 2/5 + (-144)/(-40) + 1849. Let q = -748 + j. What is the units digit of q/5 - -3 - 12/(-3)?
8
Suppose 5*q - 149 = -169, 4865 = 3*f - 5*q. What is the thousands digit of f?
1
Let o be 19 - (3 + (-8 - (-5 + 0))). Let c = o + 330. What is the units digit of c?
9
Suppose d = t + 92, 0 = -6*t + 3*t - 5*d - 292. What is the tens digit of (-6 - (-1)/2)*t?
1
Let f be (2/(-1))/(42/(-63)). Suppose s = 3*x - 9, -f*x - 5 = 5*s + 4. Suppose 4*u + 5*y - 108 = 0, u - y + 27 = x*u. What is the tens digit of u?
2
Let u be (-20)/4 + -2 + 23. Suppose -5*i = -4*a + 20, -3*a + u = -3*i - i. Suppose 7*y + 24 - 192 = a. What is the tens digit of y?
2
Suppose -24*f + 53379 = -21*f - w, -3*f = 3*w - 53355. What is the thousands digit of f?
7
Let r(w) = -w**3 + 7*w**2 + 30*w + 4. Let n be r(10). What is the units digit of n/14 - 5660/(-35)?
2
Let d(n) = n**3 - 7*n + 6. Let l be d(4). Suppose 6*h - 4*h = -l. What is the units digit of (-6)/21 + (-510)/h?
4
Suppose -o = j - 11, 4*o - 24 = -5*j + 21. What is the tens digit of (4608/(-160))/((-3)/o)?
9
Let a = -127 + 467. Suppose 0 = l + 62 - a. What is the units digit of l?
8
Let i(a) = a**3 - 85*a**2 + 1315*a + 79. What is the tens digit of i(65)?
5
Let d be ((-5)/5 + 0)*(1 + -2). Let s be (d + 46)*13/(13/12). Let z = -323 + s. What is the tens digit of z?
4
Let s(p) be the third derivative of -p**6/120 + p**5/60 - p**4/24 - 3*p**3/2 - 5*p**2. Let r be s(0). Let z(l) = -2*l - 10. What is the units digit of z(r)?
8
Suppose 2*d = -3*d + 25. Suppose 0 = -5*f + d, 0*i + 282 = i + 5*f. Suppose c + i = 4*s, 0 = 3*c + c - 12. What is the tens digit of s?
7
Let x(z) = z**2 - 43*z - 181. Let o(r) = -r - 1. Let t(s) = -o(s) - x(s). What is the hundreds digit of t(35)?
4
Let i = -9492 - -18786. What is the tens digit of i?
9
Let k(j) = j**3 - 17*j**2 - 60*j + 27. What is the units digit of k(31)?
1
What is the hundreds digit of 22 + (27 - 50) + 73785 + 0 + -2?
7
Let x = -92738 + 152766. What is the tens digit of x?
2
Let p = -12077 - -62337. What is the thousands digit of p?
0
Suppose -53*k + 24 = -55*k. Let b(z) = 4*z - 46. Let f be b(k). Let s = f - -98. What is the units digit of s?
4
Suppose 3 = -3*k + v, 0*k + 2*k - 5 = 3*v. What is the tens digit of ((-3)/k)/(29/7076)?
6
Let o(k) = 2*k**3 + 3*k**2 + 3*k - 2. Let q be -5 + 43 + (0 + 0 - 4). Let c = -31 + q. What is the units digit of o(c)?
8
Let f be (-4)/(-14) - (-520)/(-56). Let y be (-6392)/24 + (12/f)/(-4). Let d = -42 - y. What is the units digit of d?
4
Suppose -5*l + 111 + 509 = 0. Let p = l - 120. What is the units digit of (p - (-760)/12)/(1/3)?
2
What is the thousands digit of (-2)/(-18) + (-193290)/(-27)?
7
Suppose 88*y = 4*k + 87*y - 51273, -4*y = 20. What is the units digit of k?
7
Suppose -49875 = -39*i + 20*i. What is the thousands digit of i?
2
Let t(i) = i**3 + 11*i**2 + 5. Suppose -41 = 4*b + 3*m, b + 2*m + 13 = 4*m. Let g be t(b). Suppose -g*h + 6*h - 116 = 0. What is the units digit of h?
6
Suppose 2*p - 68 = q, 25*p - 23 = 24*p - 5*q. What is the tens digit of p?
3
Let j(n) = 77*n**2 + 113*n - 1433. What is the ten thousands digit of j(12)?
1
Suppose 0 = 5*i - 4*o - 140479, o = 5*i - i - 112381. What is the hundreds digit of i?
0
Let i(r) = -306*r - 18. What is the hundreds digit of i(-2)?
5
Let n(l) = 9*l**3 - 22*l**2 - 12*l + 21. What is the ten thousands digit of n(12)?
1
Let s(r) = r**2 - 2*r - 91. Let y be s(-9). Suppose 37*u = y*u + 31233. What is the tens digit of u?
7
Suppose -3*w + 16953 = -3*a, a = 5*w - 6542 - 21705. What is the tens digit of w?
4
Let v be (45/10 - 4)/((-1)/(-14)). Let n(r) = 4 - 11*r - 28 + 5*r + 2*r**2. What is the tens digit of n(v)?
3
Suppose 8*p = -6 + 22. Suppose -k + 4599 = p*k + 5*a, -3044 = -2*k + 4*a. What is the tens digit of 2/(-6) - k/(-12)?
2
Let r = 1975 + 402. What is the units digit of r?
7
Suppose 205 + 166 = 7*m. Let t = m + 136. What is the tens digit of t?
8
Let k = 2483 - 1300. Let o = k + -701. What is the hundreds digit of o?
4
Let o = -324 - -77. Let k = o + 356. What is the tens digit of (-4)/16 - k/(-4)?
2
Suppose -12 = -3*r - 4*k, 3*r = 2*r + k + 4. Suppose 0 = -5*u - 4*t - 353, -t + r*t = -6. Let c = u + 94. What is the units digit of c?
5
Suppose 4 = 2*j + 14. Let l = 7 + j. Suppose 0 = 5*w - l - 53. What is the tens digit of w?
1
Let p(o) = -2000*o + 9331. What is the thousands digit of p(-5)?
9
Suppose -8*x + 3*x + 20 = 0. Suppose -x*n = -6 - 114. Suppose 0*h + h = n. What is the tens digit of h?
3
Let x = -708 - -390. Let w = 465 + x. What is the units digit of w?
7
Suppose n + 0*m - 3*m = -5, -3*m = -6. Suppose -301 + 295 = -3*t, -4*j - 26 = 5*t. Let s = n - j. What is the units digit of s?
0
Suppose g + 3*z - 11708 - 4312 = 0, 2*g + 3*z = 32034. What is the units digit of g?
4
Let o = 2176 + 24331. What is the units digit of o?
7
Let n = 338 + -316. What is the tens digit of -3*(-7 - n) + -4?
8
Let w = -4976 + 8936. Suppose -15*s = -10*s - w. What is the tens digit of s?
9
Let v = 2 - 2. Suppose 3*b - 403 - 1130 = v. What is the tens digit of b?
1
Suppose -601*i = -580*i - 89817. What is the tens digit of i?
7
Suppose 0 = -i + m + 8050, 3*i - 16063 - 8088 = 2*m. What is the thousands digit of i?
8
Let p(s) = 3*s**2 - 28*s + 11. Let q be p(9). Suppose -q*c + 323 + 293 = 0. What is the tens digit of c?
0
Let v = 6875 - 687. What is the tens digit of v?
8
Let b = -165 - -43. Let h = -112 - b. What is the tens digit of h?
1
Suppose 611 = -17*j - 426. Suppose 4*r = 28 - 480. Let n = j - r. What is the tens digit of n?
5
Let u = 4 - 25. Let j(a) = a**2 + 4*a - 23. Let f(b) = -b**2 - 8*b + 24. Let s(y) = 4*f(y) + 3*j(y). What is the units digit of s(u)?
6
Let c(v) = -6*v**3 - 3*v**2 - 4*v - 4. Let q = -44 - -47. Suppose 10*b - q = -23. What is the units digit of c(b)?
0
Suppose 3*c = -c + 2*p + 14, c + 4*p = 8. Suppose 4*n + 0*j = -j + 626, -616 = -4*n + c*j. Suppose -244 = -8*o + n. What is the units digit of o?
0
Suppose 3*q - 56 = 19. Let z be 10/4*20/q. Suppose -z*i + 3*i - 200 = -2*x, -498 = -5*x - 2*i. What is the tens dig